{"id":559,"date":"2025-11-11T02:30:38","date_gmt":"2025-11-11T02:30:38","guid":{"rendered":"https:\/\/www.coopcomin.org\/shop\/?post_type=product&#038;p=559"},"modified":"2026-01-20T09:34:20","modified_gmt":"2026-01-20T09:34:20","slug":"mi-guardi-mi-guardi","status":"publish","type":"product","link":"https:\/\/www.coopcomin.org\/shop\/prodotto\/mi-guardi-mi-guardi\/","title":{"rendered":"Mi guardi? Mi guardi?"},"content":{"rendered":"<p data-start=\"165\" data-end=\"277\"><strong data-start=\"165\" data-end=\"206\">Special Box \u2013 <em data-start=\"181\" data-end=\"204\">Il diritto a una cura<\/em><\/strong><br data-start=\"206\" data-end=\"209\" \/><strong data-start=\"209\" data-end=\"277\">Un cofanetto per coccolarsi, rigenerarsi e prendersi cura di s\u00e9.<\/strong><\/p>\n<p data-start=\"279\" data-end=\"523\">Questa box \u00e8 un invito a dedicare tempo al proprio benessere, scegliendo prodotti naturali, nutrienti e artigianali. Ogni gesto diventa un piccolo rituale di cura e attenzione, un modo per rallentare e ritrovare equilibrio e piacere sensoriale.<\/p>\n<hr data-start=\"525\" data-end=\"528\" \/>\n<h3 data-start=\"530\" data-end=\"587\"><strong data-start=\"534\" data-end=\"585\">Sapone solido arancia e cannella \u2013 La Saponaria<\/strong><\/h3>\n<p data-start=\"588\" data-end=\"807\">Ricco di vitamina E e dalle note calde e avvolgenti di arancia e cannella, deterge delicatamente lasciando la pelle morbida e profumata. Un piccolo piacere quotidiano che trasforma la routine in un momento di benessere.<\/p>\n<hr data-start=\"809\" data-end=\"812\" \/>\n<h3 data-start=\"814\" data-end=\"877\"><strong data-start=\"818\" data-end=\"875\">Burro cacao a base di Acido Ialuronico \u2013 La Saponaria<\/strong><\/h3>\n<p data-start=\"878\" data-end=\"1074\">Protegge e idrata le labbra, mantenendole morbide e levigate. Il suo complesso naturale a base di Acido Ialuronico aiuta a contrastare secchezza e irritazioni, per un sorriso sempre curato e sano.<\/p>\n<hr data-start=\"1076\" data-end=\"1079\" \/>\n<h3 data-start=\"1081\" data-end=\"1162\"><strong data-start=\"1085\" data-end=\"1160\">Bagnodoccia nutriente e vellutante Carota Bio e Vaniglia \u2013 La Saponaria<\/strong><\/h3>\n<p data-start=\"1163\" data-end=\"1381\">Deterge con delicatezza, nutrendo la pelle grazie alla carota biologica e alla dolcezza della vaniglia. Una coccola sensoriale che lascia la pelle setosa e profumata, trasformando la doccia in un vero rituale di relax.<\/p>\n<hr data-start=\"1383\" data-end=\"1386\" \/>\n<h3 data-start=\"1388\" data-end=\"1438\"><strong data-start=\"1392\" data-end=\"1436\">Crema mani menta e limone \u2013 La Saponaria<\/strong><\/h3>\n<p data-start=\"1439\" data-end=\"1641\">Leggera, lenitiva e nutriente, ideale per proteggere e rigenerare la pelle delle mani. Il profumo fresco di menta e limone dona energia, mentre gli ingredienti naturali rispettano la pelle e l\u2019ambiente.<\/p>\n<hr data-start=\"1643\" data-end=\"1646\" \/>\n<p data-start=\"1648\" data-end=\"2078\"><strong data-start=\"1648\" data-end=\"1679\">Perch\u00e9 scegliere questa box<\/strong><br data-start=\"1679\" data-end=\"1682\" \/>La Special Box \u201cDiritto a una cura\u201d raccoglie prodotti di <strong data-start=\"1740\" data-end=\"1756\">La Saponaria<\/strong>, azienda che coniuga qualit\u00e0 cosmetica, sostenibilit\u00e0 ambientale e attenzione al benessere delle persone. Ogni prodotto \u00e8 realizzato con ingredienti naturali e certificati, pensati per rispettare la pelle e la natura. Un regalo che coccola chi lo riceve, promuovendo cura di s\u00e9, attenzione e valori etici nella cosmesi.<\/p>\n","protected":false},"excerpt":{"rendered":"<h3>Special box per il diritto ad una cura<\/h3>\n<ul>\n<li>Sapone solido arancia e cannella ricco di vitamina E.<br \/>\n<strong>LA SAPONARIA<\/strong><\/li>\n<li>Burro cacao a base di Acido Ialuronico.<br \/>\n<strong>LA SAPONARIA<\/strong><\/li>\n<li>Bagnodoccia Nutriente e Vellutante Carota Bio e Vaniglia.<br \/>\n<strong>LA SAPONARIA<\/strong><\/li>\n<li>Crema mani menta e limone, nutriente e lenitiva.<br \/>\n<strong>LA SAPONARIA<\/strong><\/li>\n<\/ul>\n","protected":false},"featured_media":550,"template":"","meta":{"_et_pb_use_builder":"","_et_pb_old_content":"","_et_gb_content_width":""},"product_brand":[],"product_cat":[44],"product_tag":[],"class_list":{"0":"post-559","1":"product","2":"type-product","3":"status-publish","4":"has-post-thumbnail","6":"product_cat-regali-solidali-2025","8":"first","9":"outofstock","10":"shipping-taxable","11":"purchasable","12":"product-type-simple"},"_links":{"self":[{"href":"https:\/\/www.coopcomin.org\/shop\/wp-json\/wp\/v2\/product\/559","targetHints":{"allow":["GET"]}}],"collection":[{"href":"https:\/\/www.coopcomin.org\/shop\/wp-json\/wp\/v2\/product"}],"about":[{"href":"https:\/\/www.coopcomin.org\/shop\/wp-json\/wp\/v2\/types\/product"}],"wp:featuredmedia":[{"embeddable":true,"href":"https:\/\/www.coopcomin.org\/shop\/wp-json\/wp\/v2\/media\/550"}],"wp:attachment":[{"href":"https:\/\/www.coopcomin.org\/shop\/wp-json\/wp\/v2\/media?parent=559"}],"wp:term":[{"taxonomy":"product_brand","embeddable":true,"href":"https:\/\/www.coopcomin.org\/shop\/wp-json\/wp\/v2\/product_brand?post=559"},{"taxonomy":"product_cat","embeddable":true,"href":"https:\/\/www.coopcomin.org\/shop\/wp-json\/wp\/v2\/product_cat?post=559"},{"taxonomy":"product_tag","embeddable":true,"href":"https:\/\/www.coopcomin.org\/shop\/wp-json\/wp\/v2\/product_tag?post=559"}],"curies":[{"name":"wp","href":"https:\/\/api.w.org\/{rel}","templated":true}]}}